30 + 4) + 3. Calculate the highest common factor of 156 and s.
39
Let j be 2/(-12) - 12/(-72). Let i = -154 - -170. Suppose q - 32 = -3*h + 86, -4*q + i = j. What is the greatest common divisor of 19 and h?
19
Let b(d) = d**2 - 10*d - 22. Let w be b(-4). Suppose x + q = w, 0*x - 5*q - 10 = -x. Let r = -7 + 13. What is the highest common factor of x and r?
6
Suppose -15 = 46*t - 49*t. Suppose -5 = v, -r + 35 = -t*v - 30. What is the greatest common divisor of r and 180?
20
Suppose 3*j = 26 - 242. Let h be -4*(2 + j/4)*2. Let p = h + -5. What is the greatest common factor of p and 41?
41
Let v(q) = -9*q + 49 - 20*q - q**2 + 8*q. Let u be v(-18). Let r = 108 - u. Calculate the highest common factor of r and 10.
5
Suppose l = f - 9, -5*f + 3*l + 43 = -l. Let r(x) = 13*x - 13*x + 13*x - 25. Let w be r(f). Calculate the greatest common divisor of 44 and w.
22
Let j be (2/(-5))/(6/1320*-2). Let v be 315 + 2*1/(8/(-28)). What is the greatest common divisor of v and j?
44
Let r(i) = 9*i**2 + 39*i + 16. Let w be r(6). Calculate the highest common divisor of w and 656.
82
Let g = -20 + 37. Suppose 0 = 14*z - g*z + 39. Suppose -36 = -z*b + 9*b. Calculate the highest common factor of 3 and b.
3
Let v(l) = -4*l**2 - 81*l - 314. Let i be v(-15). Calculate the highest common factor of i and 169.
1
Suppose -38 = -5*m - 3*z, 0 = 3*m + z - 11 - 11. Let w = 31 - m. Let v(c) = 3797*c + 34185. Let s be v(-9). What is the highest common factor of s and w?
12
Let n(o) = 2*o**2 + 15. Let g be n(-5). Let f = -62 + g. Let r be 12*(f - (-4)/(-3)). Calculate the greatest common factor of r and 30.
10
Suppose 0 = -4*c - 3*f + 31, 0 = -2*c - 3*f + 22 - 11. What is the greatest common divisor of 194 and c?
2
Let g(t) = -4*t - 26. Suppose -4 = -m + 2*m, -2*h + 3*m = -4. Let i be g(h). Let l = i - -64. What is the greatest common divisor of 6 and l?
6
Let c(i) = 13*i**3 - i**2 - 7*i - 6. Let b be c(-1). Let d be (-34 - 3)*-1 - 0. Let v = b + d. What is the greatest common factor of 3 and v?
3
Let b = -1562 + 2227. Suppose 5*l + b = 2*t, -2*l = 10*t - 7*t - 988. Calculate the highest common divisor of 10 and t.
10
Suppose 9*x - 4*x - 120 = d, 4*d + x = -375. Let w = 106 + d. Let c(q) = 17*q - 14. Let v be c(6). What is the highest common divisor of v and w?
11
Suppose -3*h - 1992 = -17*y + 16*y, 4*h = 5*y - 9883. Calculate the greatest common factor of 2336 and y.
73
Let o = 274 - 251. Let h = 1137 + o. What is the highest common divisor of h and 40?
40
Suppose 4*r = -4*f + 16, 2*f + 2*f + 3*r - 15 = 0. Suppose f*u = -5*t + 250, -2*u + 33 = 2*t - 127. What is the highest common divisor of u and 45?
15
Suppose 0 = -0*x + 2*x - 2*f - 1428, f = -5*x + 3582. Let t = 1073 - x. Calculate the greatest common divisor of 102 and t.
51
Suppose -836 - 124 = -60*i. What is the highest common divisor of 5872 and i?
16
Let n(o) = 6*o - 65. Let y(k) = 45 + k + 1 - 6. Let x be y(-20). Let r be n(x). What is the highest common factor of r and 5?
5
Let b be ((-15)/45)/((-3)/(-9)). Let s be (329/(-141))/(b/18). What is the highest common factor of s and 140?
14
Suppose 22*j = 6*j - 4224. Let u be 3/((-72)/(-633)) - (-99)/j. Calculate the greatest common factor of 416 and u.
26
Let n(w) = -w**2 + 23*w - 50. Let l be n(20). Suppose 0 = -l*z + 3*z + 749. Let r = -37 + z. What is the highest common divisor of r and 28?
14
Suppose -p = 4*p - 160. Suppose -5*s + 7 + 143 = 0. Let f = p - s. Calculate the highest common divisor of f and 5.
1
Let f = -20 + 25. Suppose -f*m = -62 - 393. Let u = m - -53. Calculate the highest common factor of 18 and u.
18
Suppose -5*r + 9 = o, -r - 6 + 8 = 0. Let q be o/(-4) + 2937/12. Calculate the greatest common divisor of 49 and q.
49
Suppose -2*s + 317 - 260 = 5*c, -2*c = 5*s - 90. What is the highest common divisor of 7 and s?
1
Let n(l) = -28*l**3 - 25*l**2 - 10*l + 16. Let d be n(-5). What is the greatest common factor of d and 1557?
173
Suppose 148 = 25*j + 12*j. Suppose -4*t + 2*u = -902, 4*u + 420 + 488 = j*t. Let g be (56/10)/((-2)/(-10)). What is the greatest common divisor of t and g?
28
Let i be 67529/14 + 44/(-88). What is the highest common factor of 182 and i?
91
Let h(x) = -2*x**2 - 3*x + 33. Let p be h(0). Suppose 0 = -8*s + 3*s - 190. Let a = 60 + s. Calculate the highest common factor of p and a.
11
Let b = 40 - 28. Suppose 17*d - 19*d = -b. Let q be (-140)/(-21) - (-16)/12. Calculate the greatest common factor of q and d.
2
Let v = 115846 + -115816. Let h be 0 + (10*-16)/(-2). What is the highest common factor of h and v?
10
Let s be (-4)/(-24)*219 + 111/74. What is the highest common factor of 76 and s?
38
Let t(s) = 8*s**2 + 16*s + 5. Let y(b) = 7*b**2 + 17*b + 4. Let k(q) = 6*t(q) - 7*y(q). Let i be k(-19). Calculate the greatest common divisor of 65 and i.
13
Suppose -45 = -4*g - 9. Suppose 25*f - 1301 - 724 = 0. Calculate the highest common factor of g and f.
9
Let o(u) = u**3 + 3*u**2 - 3*u - 4. Let l be o(2). Suppose -l*n - 25 = -5*n, 0 = -3*j + 2*n + 115. What is the greatest common divisor of j and 35?
35
Let d be 1 - -7 - -6*16/(-24). Let m be d - (-4 - (0 + (-9)/3)). Calculate the greatest common divisor of 65 and m.
5
Suppose 5*f - 315 = -0*f. Let k = 4830 - 4827. Calculate the greatest common factor of f and k.
3
Suppose 233 = 33*r - 394. What is the greatest common factor of 2432 and r?
19
Let d be 8 + -4 - (-2120)/(-15)*-6. Let j(s) = 3*s + 51. Let r be j(-13). What is the highest common factor of d and r?
12
Let c = 392 - 687. Let u = c + 696. Suppose -4*b = -v - u, -b + 105 = -0*b - 5*v. What is the highest common factor of b and 40?
20
Let j(k) = 3*k**3 - 4*k**2 + 19*k + 11. Let r be j(8). What is the highest common divisor of 91 and r?
13
Let c be ((-5088)/(-530))/(12/570). What is the greatest common divisor of 969 and c?
57
Let x(p) = -p**3 + 9*p**2 + 12*p + 19. Let r(w) = 67*w**2 - 63*w**2 - 2 - 4. Let g be r(-2). Let n be x(g). Calculate the highest common factor of n and 78.
39
Let i(g) = g - 8. Let n(w) = 5*w - 37. Let s(l) = -11*i(l) + 2*n(l). Suppose 0 = o + 2*o + 42. Let m be s(o). What is the highest common factor of m and 70?
14
Let h = 7213 - -6422. What is the greatest common factor of 135 and h?
135
Let b = 139 + -220. Let r = 153 + b. What is the greatest common divisor of r and 8?
8
Let y = 1223 + 1493. What is the greatest common divisor of 98 and y?
14
Let n = -97 - -99. Let b be n/8 - 3/(48/(-236)). Calculate the highest common divisor of b and 12.
3
Let u(x) = -x + 1. Let w(d) = 15*d**2 - 20*d + 22. Let z(n) = -4*u(n) + w(n). Let h be z(2). What is the highest common divisor of 69 and h?
23
Suppose -22*s - 2*s = -81521 - 18319. What is the greatest common divisor of 78 and s?
26
Suppose -y + k + 117 = 0, 0*y - 5*y + 612 = 4*k. Let b be (20/28 - (-93)/21)/((-1)/(-35)). Calculate the greatest common divisor of b and y.
60
Let g = 59 + 119. Suppose -181*f + 12 = -g*f. Calculate the greatest common factor of 5 and f.
1
Suppose -6 = 3*f, 15563 = 5*x - 36*f + 32*f. What is the greatest common divisor of 915 and x?
183
Suppose -4*n - 3*h = -384, -3*n - 4*h - 480 = -8*n. Suppose 2783 = 58*g - 21*g - 3137. Calculate the highest common divisor of g and n.
32
Let h = 285 + -159. Let z be -15*((-240)/(-10))/(-4). What is the greatest common factor of z and h?
18
Let f = -499 + 906. Let k be 62/(-8) - (-4 - (-17)/4). Let s be ((-22)/k - 3/(-12)) + 34. What is the highest common divisor of f and s?
37
Let r be (3/7)/((-2)/(-14)). Suppose r*h = -12, y - 6 - 2 = h. Let f be (6 - y)/((-2)/(-12)). What is the highest common factor of f and 8?
4
Let c be (28/(-21))/((-6)/(-405)). Let g be 5/(-1*25/c). Calculate the greatest common divisor of 12 and g.
6
Let n = -64 - -79. Let z = n + -55. Let y be -4*1*(z - 4). What is the highest common divisor of y and 22?
22
Let g be 4/16 + -4*57/(-48). Let f be g*(-1)/(-2) + 50/100. What is the highest common divisor of 12 and f?
3
Let t = 20220 - 18554. What is the highest common factor of 1547 and t?
119
Suppose 861 - 285 = 18*t. Suppose 0 = -t*v + 17*v + 225. Let k(a) = a**2 - 15*a + 22. Let c be k(v). Calculate the greatest common factor of 2 and c.
2
Let a = 5321 + -5091. What is the highest common factor of a and 13915?
115
Suppose 57 = -5*r - 4*w + 158, 4*r + 2*w - 76 = 0. Let o(a) 